{"id":625,"date":"2019-02-05T21:08:01","date_gmt":"2019-02-05T20:08:01","guid":{"rendered":"http:\/\/fundacjasilesia.eu\/?page_id=625"},"modified":"2020-09-06T11:37:48","modified_gmt":"2020-09-06T09:37:48","slug":"fundacja-silesia-w-nto","status":"publish","type":"page","link":"https:\/\/fundacjasilesia.eu\/?page_id=625","title":{"rendered":"Fundacja &#8222;Silesia&#8221; w NTO"},"content":{"rendered":"\n<div class=\"wp-block-image\"><figure class=\"aligncenter is-resized\"><img loading=\"lazy\" src=\"http:\/\/fundacjasilesia.eu\/wp-content\/uploads\/2019\/02\/nto.jpg\" alt=\"\" class=\"wp-image-626\" width=\"272\" height=\"158\" srcset=\"https:\/\/fundacjasilesia.eu\/wp-content\/uploads\/2019\/02\/nto.jpg 969w, https:\/\/fundacjasilesia.eu\/wp-content\/uploads\/2019\/02\/nto-300x175.jpg 300w, https:\/\/fundacjasilesia.eu\/wp-content\/uploads\/2019\/02\/nto-768x448.jpg 768w, https:\/\/fundacjasilesia.eu\/wp-content\/uploads\/2019\/02\/nto-150x87.jpg 150w, https:\/\/fundacjasilesia.eu\/wp-content\/uploads\/2019\/02\/nto-250x146.jpg 250w\" sizes=\"(max-width: 272px) 100vw, 272px\" \/><\/figure><\/div>\n\n\n\n<blockquote class=\"wp-block-quote is-style-default\"><p><a href=\"https:\/\/nto.pl\/przy-kaplicy-w-kadlubie-wolnym-ekshumowano-niemieckich-zolnierzy-zdjecia\/ar\/10435900#wiadomosci\"><strong>Przy kaplicy w Kad\u0142ubie Wolnym ekshumowano niemieckich \u017co\u0142nierzy<\/strong><\/a><strong> <\/strong><\/p><cite>Wydobyto szcz\u0105tki 6 \u017co\u0142nierzy Wehrmachtu, kt\u00f3rzy zgin\u0119li w 1945  roku. W ekshumacji pomagali \u017co\u0142nierze z niemieckiej Bundeswehry.  <br> <br><a href=\"https:\/\/nto.pl\/przy-kaplicy-w-kadlubie-wolnym-ekshumowano-niemieckich-zolnierzy-zdjecia\/ar\/10435900#wiadomosci\">Czytaj wi\u0119cej&#8230;<\/a>  <br><\/cite><\/blockquote>\n\n\n\n<hr class=\"wp-block-separator\"\/>\n\n\n\n<blockquote class=\"wp-block-quote\"><p><a href=\"https:\/\/nto.pl\/ekshumacja-wojennego-grobu-w-raclawicach-slaskich\/ar\/11426522#wiadomosci\"><strong>Ekshumacja wojennego grobu w Rac\u0142awicach \u015al\u0105skich   <\/strong><\/a> <\/p><cite>Opolska ziemia ujawnia kolejne miejsca poch\u00f3wk\u00f3w wojennych z 1945  roku. Wojenny gr\u00f3b w Rac\u0142awicach \u015al\u0105skich znajdowa\u0142 si\u0119 w centrum  miejscowo\u015bci, pomi\u0119dzy domami.<br> <br><a href=\"https:\/\/nto.pl\/ekshumacja-wojennego-grobu-w-raclawicach-slaskich\/ar\/11426522#wiadomosci\">Czytaj wi\u0119cej&#8230;<\/a>  <\/cite><\/blockquote>\n\n\n\n<hr class=\"wp-block-separator\"\/>\n\n\n\n<blockquote class=\"wp-block-quote\"><p><a href=\"https:\/\/nto.pl\/ekshumacja-zapomnianej-mogily-w-szybowicach\/ar\/9914141#wiadomosci\"><strong>Ekshumacja zapomnianej mogi\u0142y w Szybowicach<\/strong><\/a><strong> <\/strong><\/p><p><\/p><cite>Z zapomnianej wojennej mogi\u0142y przy polnej drodze w Szybowicach w gminie Prudnik ekshumowano w ubieg\u0142y pi\u0105tek i sobot\u0119 szcz\u0105tki 70 \u017co\u0142nierzy niemieckich i 3 Rosjan. <br><br><a href=\"https:\/\/nto.pl\/ekshumacja-zapomnianej-mogily-w-szybowicach\/ar\/9914141#wiadomosci\">Czytaj wi\u0119cej&#8230;<\/a><\/cite><\/blockquote>\n\n\n\n<hr class=\"wp-block-separator\"\/>\n\n\n\n<blockquote class=\"wp-block-quote\"><p><strong> <\/strong><a href=\"http:\/\/nto.pl\/dostal-trzy-kule-i-padl-przelezal-w-lesie-pod-kozlem-75-lat-przedstawiciele-fundacji-silesia-ekshumowali-cialo-zolnierza-armii\/ar\/c1-15090561\"><strong>Dosta\u0142 trzy kule i pad\u0142. Przele\u017ca\u0142 w lesie pod Ko\u017alem 75 lat. Przedstawiciele Fundacji Silesia ekshumowali cia\u0142o \u017co\u0142nierza Armii Czerwonej<\/strong><\/a><strong> <\/strong><br><\/p><cite>Ekshumacje \u017co\u0142nierzy drugiej wojny \u015bwiatowej na ziemi opolskiej trwaj\u0105 nieprzerwanie od 75 lat. Wtorkowe prace na granicy gmin Re\u0144ska Wie\u015b i Cisek, w pobli\u017cu wsi D\u0142ugomi\u0142owice, by\u0142y jednak wyj\u0105tkowe.<br>Po pierwsze odnaleziono szcz\u0105tki \u017co\u0142nierza Armii Czerwonej, podczas gdy w ostatnich latach odnajdowani byli przede wszystkim niemieccy.<br>Po drugie, zazwyczaj ko\u015bci wydobywane by\u0142y z prowizorycznych grob\u00f3w urz\u0105dzonych jeszcze w czasie wojny lub tu\u017c po niej. Tymczasem \u017co\u0142nierz spod D\u0142ugomi\u0142owic przele\u017ca\u0142 75 lat w miejscu i w pozycji, w kt\u00f3rej zgin\u0105\u0142. <br>\u017bo\u0142nierz poleg\u0142 mi\u0119dzy styczniem a marcem 1945 roku. Dosta\u0142 postrza\u0142 w plecy &#8211; m\u00f3wi Andrzej Latussek z Fundacji Silesia.  <br><br><a href=\"http:\/\/nto.pl\/dostal-trzy-kule-i-padl-przelezal-w-lesie-pod-kozlem-75-lat-przedstawiciele-fundacji-silesia-ekshumowali-cialo-zolnierza-armii\/ar\/c1-15090561\">Czytaj wi\u0119cej&#8230;<\/a><\/cite><\/blockquote>\n\n\n\n<hr class=\"wp-block-separator\"\/>\n\n\n\n<blockquote class=\"wp-block-quote\"><p><a href=\"https:\/\/nto.pl\/szczatki-20-zolnierzy-i-niewypaly-lezaly-tuz-przy-drodze-krajowej-nr-45-wlasnie-je-odkryto-na-polu-w-dlugomilowicach-trwa\/ar\/c1-15134002\"><strong>Szcz\u0105tki 20 \u017co\u0142nierzy i niewypa\u0142y le\u017ca\u0142y tu\u017c przy drodze krajowej nr 45. W\u0142a\u015bnie je odkryto. Na polu w D\u0142ugomi\u0142owicach trwa ekshumacja<\/strong><\/a><strong> <\/strong><br><\/p><cite>Cz\u0142onkowie fundacji &#8222;Silesia&#8221; ustalili, \u017ce w leju po bombie, kt\u00f3ra spad\u0142a tu\u017c przy obecnej drodze nr 45 Opole-Racib\u00f3rz, jeszcze w czasie wojny z\u0142o\u017cono cia\u0142a radzieckich \u017co\u0142nierzy. Legenda m\u00f3wi\u0142a, \u017ce zostali rozstrzelani przez Niemc\u00f3w w grudniu 1944 roku. <br><br>Na polu jednego z rolnik\u00f3w zrobiono kilka wykop\u00f3w. Tu\u017c za obecnym o\u015brodkiem zdrowia, w miejscu, gdzie w czasie wojny sta\u0142a stodo\u0142a, w poniedzia\u0142ek odkryto pierwsze ko\u015bci. Wsp\u00f3lnie z dr Magdalen\u0105 Przysi\u0119\u017cn\u0105-Pizarsk\u0105, archeolog z Instytutu Historii Uniwersytetu Opolskiego, rozpocz\u0119to ekshumacj\u0119. Szybko okaza\u0142o si\u0119, \u017ce to zbiorowa mogi\u0142a, gdzie z\u0142o\u017cono cia\u0142a prawdopodobnie oko\u0142o 20 \u017co\u0142nierzy, a by\u0107 mo\u017ce nawet 30.  <br><br><a href=\"https:\/\/nto.pl\/szczatki-20-zolnierzy-i-niewypaly-lezaly-tuz-przy-drodze-krajowej-nr-45-wlasnie-je-odkryto-na-polu-w-dlugomilowicach-trwa\/ar\/c1-15134002\">Czytaj wi\u0119cej&#8230;<\/a><\/cite><\/blockquote>\n\n\n\n<hr class=\"wp-block-separator\"\/>\n\n\n\n<blockquote class=\"wp-block-quote\"><p><a href=\"https:\/\/nto.pl\/kolejna-ekshumacja-w-bialej-nyskiej-to-zaglebie-wojennych-grobow-zdjecia\/ar\/c1-15099778\"><strong>Kolejna ekshumacja w Bia\u0142ej Nyskiej. To zag\u0142\u0119bie wojennych grob\u00f3w [ZDJ\u0118CIA]<\/strong><\/a><\/p><cite>To byli m\u0142odzi ch\u0142opcy. Na pewno Rosjanie. S\u0105dz\u0105c po obra\u017ceniach zgin\u0119li od razu, od ostrza\u0142u artyleryjskiego \u2013 m\u00f3wi Andrzej Latussek z fundacji \u201eSilesia\u201d, kt\u00f3ra sama prowadzi i finansuje prace. &#8211; Zostali w po\u015bpiechu wrzuceni do okopu czy leju po bombie. Zale\u017ali\u015bmy przy nich radzieckie guziki od mundur\u00f3w czy bielizny, radzieck\u0105 amunicj\u0119. <br> <br>Fundacja zacz\u0119\u0142a poszukiwania w Bia\u0142ej w poniedzia\u0142ek\u00a0<a rel=\"noreferrer noopener\" href=\"http:\/\/tczew.naszemiasto.pl\/artykul\/1008185,tczew-przyjdz-dzisiaj-sroda-na-urodziny-mostu,id,t.html#utm_medium=alz&amp;utm_source=nto.pl&amp;utm_campaign=artykul\" target=\"_blank\">27 lipca<\/a>\u00a0i prawie od razu trafi\u0142a na mogi\u0142\u0119. Znajduje si\u0119 na terenie zielonym obok pomnika \u017co\u0142nierzy radzieckich w centrum wioski.  <br><br><a href=\"https:\/\/nto.pl\/kolejna-ekshumacja-w-bialej-nyskiej-to-zaglebie-wojennych-grobow-zdjecia\/ar\/c1-15099778\">Czytaj wi\u0119cej&#8230;<\/a><\/cite><\/blockquote>\n\n\n\n<hr class=\"wp-block-separator\"\/>\n","protected":false},"excerpt":{"rendered":"<p>Fundacja Silesia w NTO (wydarzenia) <a class=\"continue-reading-link\" href=\"https:\/\/fundacjasilesia.eu\/?page_id=625\">Czytaj dalej&#8230; <span class=\"meta-nav\">&rarr; <\/span><\/a><\/p>\n","protected":false},"author":2,"featured_media":626,"parent":347,"menu_order":1,"comment_status":"closed","ping_status":"closed","template":"","meta":{"ngg_post_thumbnail":0},"categories":[8,29,18],"tags":[28],"_links":{"self":[{"href":"https:\/\/fundacjasilesia.eu\/index.php?rest_route=\/wp\/v2\/pages\/625"}],"collection":[{"href":"https:\/\/fundacjasilesia.eu\/index.php?rest_route=\/wp\/v2\/pages"}],"about":[{"href":"https:\/\/fundacjasilesia.eu\/index.php?rest_route=\/wp\/v2\/types\/page"}],"author":[{"embeddable":true,"href":"https:\/\/fundacjasilesia.eu\/index.php?rest_route=\/wp\/v2\/users\/2"}],"replies":[{"embeddable":true,"href":"https:\/\/fundacjasilesia.eu\/index.php?rest_route=%2Fwp%2Fv2%2Fcomments&post=625"}],"version-history":[{"count":17,"href":"https:\/\/fundacjasilesia.eu\/index.php?rest_route=\/wp\/v2\/pages\/625\/revisions"}],"predecessor-version":[{"id":894,"href":"https:\/\/fundacjasilesia.eu\/index.php?rest_route=\/wp\/v2\/pages\/625\/revisions\/894"}],"up":[{"embeddable":true,"href":"https:\/\/fundacjasilesia.eu\/index.php?rest_route=\/wp\/v2\/pages\/347"}],"wp:featuredmedia":[{"embeddable":true,"href":"https:\/\/fundacjasilesia.eu\/index.php?rest_route=\/wp\/v2\/media\/626"}],"wp:attachment":[{"href":"https:\/\/fundacjasilesia.eu\/index.php?rest_route=%2Fwp%2Fv2%2Fmedia&parent=625"}],"wp:term":[{"taxonomy":"category","embeddable":true,"href":"https:\/\/fundacjasilesia.eu\/index.php?rest_route=%2Fwp%2Fv2%2Fcategories&post=625"},{"taxonomy":"post_tag","embeddable":true,"href":"https:\/\/fundacjasilesia.eu\/index.php?rest_route=%2Fwp%2Fv2%2Ftags&post=625"}],"curies":[{"name":"wp","href":"https:\/\/api.w.org\/{rel}","templated":true}]}}