{"id":879,"date":"2019-01-25T21:46:32","date_gmt":"2020-09-06T09:17:43","guid":{"rendered":"http:\/\/fundacjasilesia.eu\/?page_id=879"},"modified":"2020-09-06T11:26:49","modified_gmt":"2020-09-06T09:26:49","slug":"fundacja-silesia-w-lokalna24","status":"publish","type":"page","link":"https:\/\/fundacjasilesia.eu\/?page_id=879","title":{"rendered":"Fundacja Silesia w serwisie &#8222;Lokalna24&#8221;"},"content":{"rendered":"\n<figure class=\"wp-block-image\"><img loading=\"lazy\" width=\"312\" height=\"76\" src=\"http:\/\/fundacjasilesia.eu\/wp-content\/uploads\/2020\/09\/lokalna24.png\" alt=\"\" class=\"wp-image-882\" srcset=\"https:\/\/fundacjasilesia.eu\/wp-content\/uploads\/2020\/09\/lokalna24.png 312w, https:\/\/fundacjasilesia.eu\/wp-content\/uploads\/2020\/09\/lokalna24-300x73.png 300w, https:\/\/fundacjasilesia.eu\/wp-content\/uploads\/2020\/09\/lokalna24-150x37.png 150w, https:\/\/fundacjasilesia.eu\/wp-content\/uploads\/2020\/09\/lokalna24-250x61.png 250w\" sizes=\"(max-width: 312px) 100vw, 312px\" \/><\/figure>\n\n\n\n<hr class=\"wp-block-separator\"\/>\n\n\n\n<blockquote class=\"wp-block-quote\"><p><strong>Trzy granaty, magazynek od &#8222;pepeszy&#8221; i grzebie\u0144 na wszy. Drugi dzie\u0144 prac ekshumacyjnych przyni\u00f3s\u0142 wiele odkry\u0107<\/strong> <\/p><cite><a href=\"https:\/\/www.lokalna24.pl\/wiadomosci\/5139,trzy-granaty-magazynek-od-pepeszy-i-grzebien-na-wszy-drugi-dzien-prac-ekshumacyjnych-przyniosl-wiele-odkryc\">Czytaj wi\u0119cej&#8230;<\/a><\/cite><\/blockquote>\n\n\n\n<hr class=\"wp-block-separator\"\/>\n\n\n\n<blockquote class=\"wp-block-quote\"><p><strong>Odkryto szcz\u0105tki 15 czerwonoarmist\u00f3w, a mo\u017ce by\u0107 ich wi\u0119cej. Kolejna ekshumacja w D\u0142ugomi\u0142owicach <\/strong><\/p><cite><a href=\"https:\/\/www.lokalna24.pl\/wiadomosci\/5133,odkryto-szczatki-15-czerwonoarmistow-a-moze-byc-ich-wiecej-kolejna-ekshumacja-w-dlugomilowicach\">Czytaj wi\u0119cej&#8230;<\/a><\/cite><\/blockquote>\n\n\n\n<hr class=\"wp-block-separator\"\/>\n\n\n\n<blockquote class=\"wp-block-quote\"><p><strong>Konkretny gr\u00f3b w konkretnym miejscu, tylko to\u017csamo\u015b\u0107 nieznana. Ekshumacja czerwonoarmisty pozostawia wiele pyta\u0144 bez odpowiedzi <\/strong><\/p><cite><a href=\"https:\/\/www.lokalna24.pl\/wiadomosci\/4976,konkretny-grob-w-konkretnym-miejscu-tylko-tozsamosc-nieznana-ekshumacja-czerwonoarmisty-pozostawia-wiele-pytan-bez-odpowiedzi\">Czytaj wi\u0119cej&#8230;<\/a><\/cite><\/blockquote>\n\n\n\n<p><\/p>\n","protected":false},"excerpt":{"rendered":"<p>Artyku\u0142y o Fundacji Silesia w serwisie Lokalna24.pl <a class=\"continue-reading-link\" href=\"https:\/\/fundacjasilesia.eu\/?page_id=879\">Czytaj dalej&#8230; <span class=\"meta-nav\">&rarr; <\/span><\/a><\/p>\n","protected":false},"author":1,"featured_media":882,"parent":347,"menu_order":2,"comment_status":"closed","ping_status":"closed","template":"","meta":{"ngg_post_thumbnail":0},"categories":[29,18,19],"tags":[23],"_links":{"self":[{"href":"https:\/\/fundacjasilesia.eu\/index.php?rest_route=\/wp\/v2\/pages\/879"}],"collection":[{"href":"https:\/\/fundacjasilesia.eu\/index.php?rest_route=\/wp\/v2\/pages"}],"about":[{"href":"https:\/\/fundacjasilesia.eu\/index.php?rest_route=\/wp\/v2\/types\/page"}],"author":[{"embeddable":true,"href":"https:\/\/fundacjasilesia.eu\/index.php?rest_route=\/wp\/v2\/users\/1"}],"replies":[{"embeddable":true,"href":"https:\/\/fundacjasilesia.eu\/index.php?rest_route=%2Fwp%2Fv2%2Fcomments&post=879"}],"version-history":[{"count":9,"href":"https:\/\/fundacjasilesia.eu\/index.php?rest_route=\/wp\/v2\/pages\/879\/revisions"}],"predecessor-version":[{"id":889,"href":"https:\/\/fundacjasilesia.eu\/index.php?rest_route=\/wp\/v2\/pages\/879\/revisions\/889"}],"up":[{"embeddable":true,"href":"https:\/\/fundacjasilesia.eu\/index.php?rest_route=\/wp\/v2\/pages\/347"}],"wp:featuredmedia":[{"embeddable":true,"href":"https:\/\/fundacjasilesia.eu\/index.php?rest_route=\/wp\/v2\/media\/882"}],"wp:attachment":[{"href":"https:\/\/fundacjasilesia.eu\/index.php?rest_route=%2Fwp%2Fv2%2Fmedia&parent=879"}],"wp:term":[{"taxonomy":"category","embeddable":true,"href":"https:\/\/fundacjasilesia.eu\/index.php?rest_route=%2Fwp%2Fv2%2Fcategories&post=879"},{"taxonomy":"post_tag","embeddable":true,"href":"https:\/\/fundacjasilesia.eu\/index.php?rest_route=%2Fwp%2Fv2%2Ftags&post=879"}],"curies":[{"name":"wp","href":"https:\/\/api.w.org\/{rel}","templated":true}]}}